2 = -2*j, 4*w - 3*j - 350 = -p*w. What are the prime factors of w?
89
Suppose 3*w + 2*j - 25001 - 6949 = 0, -4*j + 24 = 0. What are the prime factors of w?
2, 5323
Let o = 13026 - 8584. What are the prime factors of o?
2, 2221
Let m be 81/(-5)*(-150)/45. Suppose -3132 = 42*p - m*p. What are the prime factors of p?
3, 29
Suppose 2*n + 58 = 5*d, 8*d - 3*d + 4*n = 34. Suppose -d*z + 50*z = 10680. What are the prime factors of z?
3, 89
Suppose -11 + 27 = 2*y. Suppose 0 = y*d - 81 - 351. Suppose d - 299 = -5*k. What are the prime factors of k?
7
Let b(m) = 90*m**2 - 6*m + 7. Let l be b(3). Let j = -84 + 87. Suppose 3*y - l = -x - 4*x, j*y + 6 = 0. What are the prime factors of x?
7, 23
Let t = -357 - -227. Let b = t - -197. List the prime factors of b.
67
Let x be 3 - 10/3*2052/190. Let n(h) = h**3 + 34*h**2 + 8*h + 116. What are the prime factors of n(x)?
941
Let g = 9954 + -5964. What are the prime factors of g?
2, 3, 5, 7, 19
What are the prime factors of 6/(-16) - (-18)/(-16)*95*-197?
2, 3, 11, 29
Suppose -6*h = -2*j + 908, -6*j + 5*h - 1404 = -9*j. What are the prime factors of j?
463
Suppose 13*w + 6*w = 318363 + 597399. What are the prime factors of w?
2, 3, 29, 277
Let q(s) be the third derivative of s**6/120 + 3*s**5/10 - 2*s**4/3 + 47*s**3/3 - 35*s**2. What are the prime factors of q(-15)?
1009
Let z(o) = 514*o**3 + o. Let f be z(1). Let y = -350 + f. Suppose 3*g + 12 = y. What are the prime factors of g?
3, 17
Let l = 51 + -58. Let r be l + (2 - -1) - 19. Let b(f) = f**2 + 21*f + 55. List the prime factors of b(r).
101
Let r(u) = -u**2 + 13*u + 74. Let i be 0 + -4 - ((-1197)/7)/9. List the prime factors of r(i).
2, 11
Let n be 32/6 - 196/147. Suppose -33*g - n*g = -39368. What are the prime factors of g?
2, 7, 19
Suppose 3*j - 41892 = -4*y, -643*y + 69855 = 5*j - 648*y. What are the prime factors of j?
2, 3, 97
Let d(l) = -251*l + 9589. What are the prime factors of d(0)?
43, 223
Let c(h) = -1838*h + 286. List the prime factors of c(-9).
2, 7, 601
Suppose -28733 = -3*p - 2*c, -5*p + 22432 + 25448 = 5*c. List the prime factors of p.
11, 13, 67
Let k(c) = -c**3 + 27*c**2 - 17*c - 127. Let h(b) = 3*b**3 - 82*b**2 + 51*b + 382. Let f(s) = -4*h(s) - 11*k(s). What are the prime factors of f(30)?
7, 37
Suppose -2*f = -4*s + 7270, 19*s - 20*s - 3*f = -1807. List the prime factors of s.
2, 227
Let b(a) = -a**2 + a**2 + 5*a - 3 - 5*a**2 + 2*a**3. Let p(f) = 3*f**2 + 38*f - 10. Let n be p(-13). What are the prime factors of b(n)?
3, 7
Let w be (-12)/(-36) + (-16)/(-6). Suppose 2*r + w*n - 18 = -2*r, 4*r + 2*n = 16. Suppose q - 98 = r*i, 5*i - 2*i - 234 = -3*q. What are the prime factors of q?
83
Let w = -4937 + 6045. List the prime factors of w.
2, 277
Suppose 11*z - 14*z + 2708 = d, 0 = 5*z - 10. Let n = 3878 - d. What are the prime factors of n?
2, 3, 7
Let u(q) = -6*q - 128. Let j be u(-24). Suppose j*w - 14*w - 450 = 0. What are the prime factors of w?
3, 5
Let f be ((-63)/4)/(9/(-24)). Let j be 0/(-7) - (1 - f). Suppose 2*u = 153 + j. What are the prime factors of u?
97
Let z(o) = 257*o + 155. What are the prime factors of z(40)?
5, 2087
Suppose -3*q - 1503 + 81 = 0. Let w = 935 + q. List the prime factors of w.
461
Let g be (-27)/(-15) - 9/(-45). Let x(h) = 9*h**2 - 7*h + 3. Let l be x(g). Suppose 3*p - 2*p + f - 122 = 0, 5*f = l. List the prime factors of p.
3, 13
Let o(l) = -l**3 - 2*l**2 - 5*l - 5. Let j be o(-2). Let n(m) = 97*m - 65. List the prime factors of n(j).
2, 3, 5, 7
Suppose -3*x - 1 = -7. Suppose -5*m + g = -261, 4*g = -x*m + 5*g + 105. Let r = m + -13. What are the prime factors of r?
3, 13
Suppose -3*q + 621333 = 9*d, -5*q - 207057 = 553*d - 556*d. What are the prime factors of d?
2, 7, 4931
Suppose 8*a + 2984 = 46960. Suppose -2896 = -7*h + a. List the prime factors of h.
11, 109
Let m = -264 - 0. List the prime factors of m/(-55) + 1/5 + 411.
2, 13
Let r be (-13)/(-3) - 2/6. Suppose -j + r*x = 5*x - 216, 0 = -3*j - 4*x + 650. What are the prime factors of j?
2, 107
Let a = 299 - 161. Let h = -28 + a. List the prime factors of h.
2, 5, 11
Let t be (-5 - 4)*(0 + (-2)/9). Let n(x) be the third derivative of x**4/24 + x**3/6 - x**2. List the prime factors of n(t).
3
Let t(v) = -663*v - 932. List the prime factors of t(-4).
2, 5, 43
Suppose 0 = 2*q - 2*u - 8954, 6 = 23*u - 22*u. What are the prime factors of q?
4483
Suppose -4*y - a + 85 = 0, -5*y = -y - 3*a - 81. Suppose -4*m - y*n + 1607 = -26*n, -9 = 3*n. List the prime factors of m.
2, 199
Let p be (-2)/(-3) - (-14820)/45. Let g(i) = 17*i**3 - i**2 + i - 1. Let t be g(1). Suppose 0 = t*m - 19*m + p. What are the prime factors of m?
2, 5, 11
Let n = 1083 + -502. Let l = n + 165. List the prime factors of l.
2, 373
Let w = -21566 + 41880. What are the prime factors of w?
2, 7, 1451
Suppose -4*y - 5185 = -19873. Suppose -2358 = -18*g + y. List the prime factors of g.
5, 67
Suppose -5507*q + 5481*q = -524524. List the prime factors of q.
2, 7, 11, 131
Suppose -42*m + 37*m + 3*i + 63447 = 0, i = m - 12691. What are the prime factors of m?
3, 4229
Suppose 0 = -351*s + 33*s + 2381820. List the prime factors of s.
2, 5, 7, 107
Suppose 3*b - 5*y + 16 = 0, 0*b - 7 = b - 2*y. Suppose 2*z = -4*m + 1546, 12*z - 11*z - b*m = 763. What are the prime factors of z?
769
Let z be (-16)/80 - (-22)/10. Let o(p) = -57*p**3 - 56*p**3 + 112*p**3 + 11*p - 21 - 19*p**z. What are the prime factors of o(-20)?
3, 53
Let g(k) = -2*k + 16. Let d be g(11). Suppose -7*i = 5*f - 3*i + 2, -2*f + 1 = i. What are the prime factors of 5 + d - (0 + f + -116)?
113
Let o(y) = -y**2 - 6*y + 22. Let h be o(-14). Let z = h + 92. Suppose 5*g - 2*a - 49 = 72, -2*g + 54 = z*a. List the prime factors of g.
5
Let z(i) be the third derivative of 35*i**4/4 - 43*i**3/6 + 3*i**2 + 24*i. What are the prime factors of z(3)?
587
Let m(p) = -9*p**3 - p**2 - 5*p - 4. Let q be m(-1). Suppose -1021 = -z - q. List the prime factors of z.
2, 11, 23
Let q be -26*((-3)/(-8))/((-2)/8). Let w(j) = 73*j**2 + 20 + 19 - q - j. What are the prime factors of w(1)?
2, 3
Suppose -2*x + 8 = 3*o - 226, -226 = -2*x + o. Let j = 136 - x. What are the prime factors of (-24)/(-132) - (-3692)/j?
2, 3, 7
Let u be (-8)/4 - 5936/(-8). Suppose -2*h - 3*v + u = 0, 8*h - 4*h - v = 1508. List the prime factors of h.
2, 47
Let q be -2*1 - (-3 + 2). Let d be q/(4/8*-1). Suppose -5*s + 133 = x - d*s, 0 = 3*s + 9. List the prime factors of x.
2, 71
Let x(o) = o + 3*o + 21 - o - 17 + 2*o**2 - 40. List the prime factors of x(-13).
263
Suppose 11*a + 2805 = -638. Let t = 567 + a. What are the prime factors of t?
2, 127
Suppose 40 = h + 7*h. Let i be 0 + 0*1/h. List the prime factors of (-6)/(-6) - (-16 - i).
17
Let c = -9303 + 15385. List the prime factors of c.
2, 3041
What are the prime factors of (-360 - -67)/(2/(-48))?
2, 3, 293
Let x = -424 + -63. Let w = 1069 + x. What are the prime factors of w?
2, 3, 97
List the prime factors of (59 - 58)/(1/823).
823
List the prime factors of (0 - (-10)/(-2)) + (-5807)/(-1).
2, 3, 967
Let u(p) = -16*p - 58. Let s(c) = 2*c. Suppose 4*j + 23 = -w + 4*w, 3*w = -j - 2. Let q(x) = w*u(x) + 12*s(x). List the prime factors of q(18).
2, 43
Let h(a) = -a**2 + 684. Let b = -67 - -67. Let d be h(b). Suppose 0 = -5*x + d - 259. List the prime factors of x.
5, 17
Let r = 22055 + -1520. What are the prime factors of r?
3, 5, 37
Let t(w) = w**2 - 2*w - 5. Let a be t(-2). Suppose a*o - 367 = 149. What are the prime factors of o/(-36) - -5 - (-142)/9?
2
Let m be ((-15)/45)/(((-8)/354)/4). Let k = m + 19. What are the prime factors of k?
2, 3, 13
Let m be ((-12 - -10) + 3)/((-1)/(-3)). Let o(c) = 6*c**2 - 3*c - 10. What are the prime factors of o(m)?
5, 7
List the prime factors of -3*(1 + -1 - (-18)/54)*-22429.
11, 2039
Let c(a) = -135*a**2 - 3*a - 1. Let n be c(-2). Let l(u) = -80*u**2 - 91*u + 182. Let i be l(2). Let r = i - n. What are the prime factors of r?
5, 43
Suppose 4*t = h + 823, -2*h + 160 = 2*t - 264. Suppose 4*r - 1467 = -t. Suppose -12*y + r = -7*y. List the prime factors of y.
3, 7
Let r(v) = -v**3 + 10*v**2 + 7*v + 16. Let c = 12 + -2. List the prime factors of r(c).
2, 43
Let b = -37 + 41. Let i be 2/(32/124)*b. Let s = i - -71. What are the prime factors of s?
2, 3, 17
What are the prime factors of (5 - 13 - -3) + 1319